{"id":350,"date":"2019-04-11T15:03:46","date_gmt":"2019-04-11T13:03:46","guid":{"rendered":"http:\/\/dpgsa.bplaced.net\/Wordpress\/wordpress\/?page_id=350"},"modified":"2019-05-08T12:19:20","modified_gmt":"2019-05-08T10:19:20","slug":"freundeskreis-radom","status":"publish","type":"page","link":"https:\/\/www.dpg-sachsen-anhalt.de\/?page_id=350","title":{"rendered":"Freundeskreis Radom"},"content":{"rendered":"\n<p class=\"has-medium-font-size\">2006 hat sich unter dem Dach der Deutsch-Polnischen Gesellschaft der Freundeskreis Magdeburg-Radom etabliert, der die St\u00e4dtepartnerschaft zwischen Magdeburg und der etwa 100 km s\u00fcdlich von Warschau gelegenen Stadt Radom entwickeln m\u00f6chte.<\/p>\n\n\n\n<p>Der Freundeskreis flankiert die seit f\u00fcnf Jahren bestehende Regionalpartnerschaft zwischen Sachsen-Anhalt und der Wojewodschaft Masowien auf kommunaler Ebene.&nbsp;<br><\/p>\n\n\n\n<p><strong>Konkrete Ziele des Freundeskreises sind:<\/strong>&nbsp;<br><\/p>\n\n\n\n<ul class=\"wp-block-list\"><li>Eine bereits vereinbarte&nbsp;<strong>Schulpartnerschaft<\/strong>&nbsp;sowie zwei weitere Schulpartnerschaften sind in Planung.&nbsp;<br><\/li><li>Der&nbsp;<strong>Stadtsportbund<\/strong>&nbsp;Magdeburg hat sich eingeschaltet, um in den Sportvereinen der Stadt f\u00fcr Partnerschaftsprojekte zu werben.&nbsp;<br><\/li><li>Die&nbsp;<strong>Pfadfinder<\/strong>&nbsp;in Magdeburg und Radom wollen sich einbringen.&nbsp;<br><\/li><li>Der&nbsp;<strong>Volksbund deutsche Kriegsgr\u00e4berf\u00fcrsorge<\/strong>beabsichtigt, gezielt Jugendliche in Radom zu seinen j\u00e4hrlichen Sommercamps einzuladen.&nbsp;<br><\/li><li>Die beiden&nbsp;<strong>Theater<\/strong>&nbsp;in Magdeburg und Radom und auch das magdeburger Puppentheater wollen \u00fcber M\u00f6glichkeiten der Zusammenarbeit sprechen. Das 30j\u00e4hrige Gr\u00fcndungsjubil\u00e4um des Theaters Radom im April 2008 bietet hierf\u00fcr die Gelegenheit.&nbsp;<br><\/li><li>Ein Ensemble der Magdeburgischen&nbsp;<strong>Philharmonie<\/strong>&nbsp;wird sich m\u00f6glicherweise an den Radomer Kammermusiktagen 2008 beteiligen.&nbsp;<br><\/li><li>Der&nbsp;<strong>Kunstverein<\/strong>&nbsp;Radom m\u00f6chte K\u00fcnstler aus Magdeburg zum sogenannten Wintersalon im Dezember 2008 einladen.&nbsp;<br><\/li><li>Das der&nbsp;<strong>Universit\u00e4t Radom<\/strong>&nbsp;angegliederte Lehrerbildungskolleg sucht f\u00fcr seine deutschsprachige Ausbildung Kontaktpartner in Magdeburg. Ein erster Kontakt ist zum Institut f\u00fcr Germanistik der Otto-von-Guericke-Universit\u00e4t und zum Uni-Sprachzentrum hergestellt worden.&nbsp;<br><\/li><li>Der neu gebildete&nbsp;<strong>Lehrstuhl Kunst der Universit\u00e4t Radom<\/strong> sucht ebenfalls einen Kooperationspartner. Der Fachbereich Industrie-Design der Hochschule Magdeburg-Stendal hat Interesse signalisiert. <\/li><\/ul>\n\n\n\n<p>Ansprechpartner:&nbsp;<br>Verantwortlich f\u00fcr den Freundeskreis in Magdeburg ist&nbsp;<strong>Krzysztof Blau<\/strong>, Tel. 0391 5371353&nbsp;<br>In Fragen der St\u00e4dtepartnerschaft Magdeburg-Radom&nbsp;<strong>Krzysztof Blau<\/strong>, Tel. 0391 5371353&nbsp;<\/p>\n\n\n\n<p>Zur offiziellen Hompage der Stadt Radom&nbsp;<a rel=\"noreferrer noopener\" target=\"_blank\" href=\"http:\/\/www.radom.pl\/_portal\/\">hier<\/a><br>Zu \u00e4lteren Projekten mit dem Freundeskreis Radom geht es <a href=\"http:\/\/dpgsa.bplaced.net\/archiv\/dpgsa\/md_radom\/md_radom_projekte\/index.html\" target=\"_blank\" rel=\"noreferrer noopener\" aria-label=\"hier (opens in a new tab)\">hier<\/a><\/p>\n","protected":false},"excerpt":{"rendered":"<p>2006 hat sich unter dem Dach der Deutsch-Polnischen Gesellschaft der Freundeskreis Magdeburg-Radom etabliert, der die St\u00e4dtepartnerschaft zwischen Magdeburg und der etwa 100 km s\u00fcdlich von Warschau gelegenen Stadt Radom entwickeln m\u00f6chte. Der Freundeskreis flankiert die seit f\u00fcnf Jahren bestehende Regionalpartnerschaft zwischen Sachsen-Anhalt und der Wojewodschaft Masowien auf kommunaler Ebene.&nbsp; Konkrete Ziele des Freundeskreises sind:&nbsp; Eine &hellip; <\/p>\n<p class=\"link-more\"><a href=\"https:\/\/www.dpg-sachsen-anhalt.de\/?page_id=350\" class=\"more-link\"><span class=\"screen-reader-text\">\u201eFreundeskreis Radom\u201c<\/span> weiterlesen<\/a><\/p>\n","protected":false},"author":1,"featured_media":0,"parent":0,"menu_order":0,"comment_status":"closed","ping_status":"closed","template":"","meta":{"footnotes":""},"class_list":["post-350","page","type-page","status-publish","hentry"],"_links":{"self":[{"href":"https:\/\/www.dpg-sachsen-anhalt.de\/index.php?rest_route=\/wp\/v2\/pages\/350","targetHints":{"allow":["GET"]}}],"collection":[{"href":"https:\/\/www.dpg-sachsen-anhalt.de\/index.php?rest_route=\/wp\/v2\/pages"}],"about":[{"href":"https:\/\/www.dpg-sachsen-anhalt.de\/index.php?rest_route=\/wp\/v2\/types\/page"}],"author":[{"embeddable":true,"href":"https:\/\/www.dpg-sachsen-anhalt.de\/index.php?rest_route=\/wp\/v2\/users\/1"}],"replies":[{"embeddable":true,"href":"https:\/\/www.dpg-sachsen-anhalt.de\/index.php?rest_route=%2Fwp%2Fv2%2Fcomments&post=350"}],"version-history":[{"count":3,"href":"https:\/\/www.dpg-sachsen-anhalt.de\/index.php?rest_route=\/wp\/v2\/pages\/350\/revisions"}],"predecessor-version":[{"id":493,"href":"https:\/\/www.dpg-sachsen-anhalt.de\/index.php?rest_route=\/wp\/v2\/pages\/350\/revisions\/493"}],"wp:attachment":[{"href":"https:\/\/www.dpg-sachsen-anhalt.de\/index.php?rest_route=%2Fwp%2Fv2%2Fmedia&parent=350"}],"curies":[{"name":"wp","href":"https:\/\/api.w.org\/{rel}","templated":true}]}}